5*r = -l + 179, 4 = 4*l - a*l. What are the prime factors of r?
5, 7
Let s = 7643 - 4242. List the prime factors of s.
19, 179
Let i be 8/10*25/(10/2). Suppose 0 = -i*k - d + 50, -d - 16 = -k - 3*d. What are the prime factors of k?
2, 3
Let u be 1*(-3 + 2)*17. Let w = -32 - u. What are the prime factors of 3/w + 66/30?
2
Let x(y) = -17*y - 26. Let h be x(-10). Suppose 0 = -5*g + g + h. What are the prime factors of g?
2, 3
Suppose 0 = 26*w + 37*w - 78750. List the prime factors of w.
2, 5
Let s be (0 + 2)*32/4. Let t be (2 + -46)*(-20)/s. Suppose 0 = -3*q + t + 2. List the prime factors of q.
19
Let v = 893 - 713. What are the prime factors of v?
2, 3, 5
Let g(o) = o - 8. Let q be (-312)/36*3/(-2). What are the prime factors of g(q)?
5
Suppose -8*u - 2170 = -15*u. What are the prime factors of u?
2, 5, 31
Suppose -r = -3*r + 98. Let o be r/(-4)*(1 - 5). Let k = o + -25. What are the prime factors of k?
2, 3
Suppose -417 = -11*n + 2663. List the prime factors of n.
2, 5, 7
Let v = 75 + -29. Let f(g) = -g**2 - 23*g + 56. Let h be f(-26). Let l = h + v. What are the prime factors of l?
2, 3
Suppose -20 = -4*l, -k + 1620 = 4*k + l. List the prime factors of k.
17, 19
Suppose 4*c + 28 = 5*z - 2, -z - 23 = 5*c. Suppose 0 = -n - z*n + 195. List the prime factors of n.
5, 13
Let x = 1323 + -639. Suppose 3*b - x = -b. List the prime factors of b.
3, 19
Suppose -20 = 5*p, 2*p + 1742 + 7996 = 5*j. What are the prime factors of j?
2, 7, 139
Let a be ((2*14)/(-2))/2. Let u = a + 13. Suppose -5*g - u = -21. List the prime factors of g.
3
Let a(i) = 16*i**2 - 281*i + 14. List the prime factors of a(20).
2, 397
Suppose 4*l + 5*p = 1311, -5*l + 3*p + 27 + 1658 = 0. What are the prime factors of l?
2, 167
Let g(p) = p**3 - 7*p**2 - 10*p + 17. Let d(x) = -x**2 - 11*x - 8. Let k be d(-9). List the prime factors of g(k).
7, 31
List the prime factors of 28/70 - 3766/(-10).
13, 29
Suppose 2*w - 131 + 43 = 0. Let y = 423 - 424. Let m = w + y. What are the prime factors of m?
43
Let v = 17 - 14. Suppose 25 = -v*k + 8*k. Suppose 131 = 4*d + k*b, 0 = d - b - 2*b - 20. What are the prime factors of d?
29
Let p(q) be the first derivative of 9*q**2 + 6*q - 75. Let t = -1 - -4. List the prime factors of p(t).
2, 3, 5
Let t(k) = 38*k**2 + 11*k + 4. What are the prime factors of t(-2)?
2, 67
Let w(y) = y**3 - y**2 - y + 75. Let u(x) = -x**2 + 6*x. Let c be u(6). Let s be w(c). List the prime factors of (-167)/(-15) - 10/s.
11
Let f(s) = 9*s**2 + 21*s + 85. What are the prime factors of f(-16)?
2053
List the prime factors of (-28)/(-3)*888/259.
2
Let p(r) = 9*r + 7. Suppose 3*k + 14 = 5*k. List the prime factors of p(k).
2, 5, 7
Suppose x - 14 = -5*q, -2*q - 4*x + 22 = 2. Suppose 2*u = -q*i - 62, -2*i - 65 = 3*u + 2. Let k = -16 - i. What are the prime factors of k?
2, 5
List the prime factors of (-4)/3*-408 - 3.
541
List the prime factors of 12884/6 - 8/24.
19, 113
Let b(q) = -146*q - 10. Let r(x) = 146*x + 8. Let n(a) = 3*b(a) + 4*r(a). What are the prime factors of n(2)?
2, 3, 7
Suppose 0 = -8*j + 2*j + 210. What are the prime factors of j?
5, 7
Let o(z) = -z**3 + 9*z**2 + 11*z - 10. Let j be o(10). Suppose -2*m + 152 = 2*u, u + 4*m - 79 = -j*m. List the prime factors of u.
3, 5
Let p = -71 + 152. Let z be 4/(-3)*p/(-6). Let c = z + -5. List the prime factors of c.
13
Suppose t + 8228 = 3*t - 4*i, 2*t - 2*i - 8222 = 0. List the prime factors of t.
2, 13, 79
Suppose 5*a - 12 = 28. Let k(v) be the third derivative of v**5/30 - 5*v**4/12 + v**3/3 - v**2. What are the prime factors of k(a)?
2, 5
Suppose -4*s + 2 = 2*k, -2 = -4*k + 3*s + 2. Let f = 105 + -103. List the prime factors of 20/k - f/1.
2, 3
Let r = -936 + 1543. List the prime factors of r.
607
Suppose 0 = -2*g - h + 17, 5*g - 3*h - 58 = -10. Let y(v) = -41*v - 43*v + 67*v + g. List the prime factors of y(-3).
2, 3, 5
Let n(d) = 23*d**2 - 17*d - 75. List the prime factors of n(-10).
5, 479
Let n = -116 - -45. Let k = n - -122. List the prime factors of k.
3, 17
Let b(c) = 124*c + 292. List the prime factors of b(38).
2, 3, 139
Suppose -8*j - 980 = -3*g - 3*j, 3*j = 3*g - 990. List the prime factors of g.
5, 67
Suppose 6*i = i + 5*y + 35, 0 = 4*y + 20. Suppose -3*n + 2*n + i = 0, 3*u = -3*n + 3. What are the prime factors of (-1)/u*(3 - -23)?
2, 13
Let d(q) be the first derivative of q**4/4 - q**2 + 8*q + 1. List the prime factors of d(0).
2
Suppose 0 = -7*l - 129 + 661. Suppose 5*h + 2*r = l, 0 = r + 2 - 0. What are the prime factors of h?
2
Let y = 1500 + 55. List the prime factors of y.
5, 311
Suppose 4*w - 22 = -7*w. Suppose -673 = -2*h - 3*h - w*k, -536 = -4*h - k. What are the prime factors of h?
7, 19
Suppose 6900 = 5*o + 5*j, 43 - 2806 = -2*o + j. List the prime factors of o.
1381
Suppose 6*d = 191 + 13. Suppose -d*g + 35*g = 14. List the prime factors of g.
2, 7
Suppose 6*j + 2 = 4*j, 32 = -4*s + 4*j. What are the prime factors of 12/(-18) - 393/s?
43
Suppose -3*r + d = -1141, 4*r + 0*d = 2*d + 1520. List the prime factors of r.
3, 127
Suppose -3*r + 2*r = 2*r. Suppose -10*k + 450 = -r*k. List the prime factors of k.
3, 5
Suppose 0 = -4*j + 12 + 4. Suppose 2*p - p - j*y - 1 = 0, -2*p + 15 = 5*y. Suppose 6 = 3*m - 9, -p*v = -5*m - 90. List the prime factors of v.
23
Let n = -503 - -1272. List the prime factors of n.
769
Let j(w) = -w**2 - 10*w - 14. Suppose -11*q - 30 = -6*q. What are the prime factors of j(q)?
2, 5
Let g = 189 - 41. Let j = g + -105. What are the prime factors of j?
43
Suppose r - 4*u - 1382 = 0, 0 = -2*r + 43*u - 42*u + 2785. List the prime factors of r.
2, 17, 41
Let i = 537 - 535. List the prime factors of i.
2
Let v(x) = x**3 + x**2 - 6*x + 7. Let t be v(2). Suppose 0 = -4*c + 249 + t. What are the prime factors of c?
2
Suppose -3*r + 16 = -3*x + 1, -2*x + 25 = 3*r. Suppose r*v - 3*v + 2*d - 336 = 0, 5*v - 417 = -4*d. List the prime factors of v.
5, 17
Let g = 43 - 41. Suppose g*y - y - 15 = 0. List the prime factors of y.
3, 5
Let g = 87 - 87. Suppose -3*h = -6, g*h = -3*d - 4*h + 320. List the prime factors of d.
2, 13
Let l = -12 + 0. Let b(k) = -k**3 - 12*k**2 - k - 8. Let x be b(l). Suppose x*m - 140 = -m. List the prime factors of m.
2, 7
Let s be 13 - 3 - (-2 - -2). Let y be 5/(-15) + s/3. What are the prime factors of (-6)/y*-1 - -2?
2
Suppose -12*u + c - 858 = -14*u, 1289 = 3*u + c. List the prime factors of u.
431
Let r(u) = -u**2 - 6*u - 5. Let p be r(-6). Let v(n) = -2*n**3 - 6*n**2 - 6*n - 8. List the prime factors of v(p).
2, 61
Suppose -10 = 5*j - 0. Let o = 7 + j. Suppose -3*b + 41 = b - o*z, -4*b = 4*z + 4. What are the prime factors of b?
2
Let h(v) = 157*v + 161. List the prime factors of h(8).
13, 109
Let f(v) = -v + 1. Let p be f(-4). Suppose 2*d = -3*d - p. What are the prime factors of (-23)/(1*d/1)?
23
Let a = -44 - -42. What are the prime factors of (-3 - a) + (19 - -2)?
2, 5
Let y(f) = -f**2 - 9*f - 9. Let d be y(-8). Let x(k) = -57*k**3 + k**2 + k + 1. What are the prime factors of x(d)?
2, 29
Let r = -31 + 27. Let s(q) = 7*q**2 + 3*q - 9. List the prime factors of s(r).
7, 13
Suppose -4*l = 0, 3*l = -2*u + 3*u - 191. Let m = u - 138. List the prime factors of m.
53
Suppose 5*t - 6*t + 791 = 0. What are the prime factors of t?
7, 113
Suppose 13*t - 4358 - 582 = 0. List the prime factors of t.
2, 5, 19
Let n = -46 - -77. Let m(k) = k**2 - 2*k**2 - n + 32 + 14*k. List the prime factors of m(12).
5
List the prime factors of (18/12)/((-4)/(-1560)).
3, 5, 13
Let u = -852 + 1230. List the prime factors of u.
2, 3, 7
Let p(y) = 2*y + 11. Let b be p(-4). Let w = b + -11. List the prime factors of ((-58)/8)/(w/32).
29
Let o = 394 + 14. List the prime factors of o.
2, 3, 17
Suppose 5*m - 18 = -2*u, 4*u - 4 - 6 = 3*m. Suppose 0 = 3*s + 3*z - 546, s + u*z - z - 182 = 0. Suppose 0 = -4*i - 26 + s. What are the prime factors of i?
3, 13
Suppose 0 = 5*k - 3*u - 2758, 3*u = -4*k - 746 + 2947. What are the prime factors of k?
19, 29
Suppose -3*d + 5*d = 4*y + 32, d - 3*y - 21 = 0. Suppose 4*a + w - 273 = 0, -d*w + 335 = 5*a - 11*w. What are the prime factors of a?
2, 17
Suppose 9*z - 237 = 24. List the prime factors of z.
29
Let a(n) be the first derivative of 3/2*n**2 - 9*n - 5. List the prime factors of a(8).
3, 5
Let j be 135*2*30/45. What are the prime factors of ((12/(-